{"id":2785,"date":"2025-03-24T01:22:10","date_gmt":"2025-03-24T00:22:10","guid":{"rendered":"https:\/\/flamenco-rubin-de-la-ana.com\/?page_id=2785"},"modified":"2026-02-05T17:36:05","modified_gmt":"2026-02-05T16:36:05","slug":"konzertreihen-flamenco-puro-arte-la-tierra-mia-sus-voces-y-ecos","status":"publish","type":"page","link":"https:\/\/flamenco-rubin-de-la-ana.com\/?page_id=2785","title":{"rendered":"La tierra m\u00eda, sus voces y ecos"},"content":{"rendered":"\n<p class=\"wp-block-paragraph\"><font dir=\"auto\" style=\"vertical-align: inherit;\"><font dir=\"auto\" style=\"vertical-align: inherit;\">Filming, editing \u00a9Kerem Saltuk <\/font><\/font><sup data-fn=\"8ea8942b-f672-4c55-ae61-5a6b5bcc14e5\" class=\"fn\"><a id=\"8ea8942b-f672-4c55-ae61-5a6b5bcc14e5-link\" href=\"#8ea8942b-f672-4c55-ae61-5a6b5bcc14e5\"><font dir=\"auto\" style=\"vertical-align: inherit;\"><font dir=\"auto\" style=\"vertical-align: inherit;\">1<\/font><\/font><\/a><\/sup><\/p>\n\n\n\n<div class=\"wp-block-columns are-vertically-aligned-top is-layout-flex wp-container-core-columns-is-layout-8f761849 wp-block-columns-is-layout-flex\">\n<div class=\"wp-block-column is-layout-flow wp-block-column-is-layout-flow\">\n<div class=\"wp-block-group\"><div class=\"wp-block-group__inner-container is-layout-flow wp-block-group-is-layout-flow\">\n<h1 class=\"wp-block-heading has-text-align-left has-black-color has-text-color\" style=\"font-size:30px\">Flamenco puro arte<\/h1>\n<\/div><\/div>\n\n\n\n\t\t<figure class=\"wp-block-jetpack-videopress jetpack-videopress-player\" style=\"\" >\n\t\t\t<div class=\"jetpack-videopress-player__wrapper\"> <iframe title=\"VideoPress Video Player\" aria-label='VideoPress Video Player' width='525' height='295' src='https:\/\/videopress.com\/embed\/xooRpx89?cover=1&amp;autoPlay=0&amp;controls=1&amp;loop=0&amp;muted=0&amp;persistVolume=1&amp;playsinline=0&amp;preloadContent=metadata&amp;useAverageColor=1&amp;hd=0' frameborder='0' allowfullscreen data-resize-to-parent=\"true\" allow='clipboard-write'><\/iframe><script src='https:\/\/v0.wordpress.com\/js\/next\/videopress-iframe.js?m=1770107250'><\/script><\/div>\n\t\t\t\n\t\t\t\n\t\t<\/figure>\n\t\t\n\n\n\t\t<figure class=\"wp-block-jetpack-videopress jetpack-videopress-player\" style=\"\" >\n\t\t\t<div class=\"jetpack-videopress-player__wrapper\"> <iframe title=\"VideoPress Video Player\" aria-label='VideoPress Video Player' width='525' height='295' src='https:\/\/videopress.com\/embed\/Lw3SkWNc?cover=1&amp;autoPlay=0&amp;controls=1&amp;loop=0&amp;muted=0&amp;persistVolume=1&amp;playsinline=0&amp;preloadContent=metadata&amp;useAverageColor=1&amp;hd=0' frameborder='0' allowfullscreen data-resize-to-parent=\"true\" allow='clipboard-write'><\/iframe><script src='https:\/\/v0.wordpress.com\/js\/next\/videopress-iframe.js?m=1770107250'><\/script><\/div>\n\t\t\t\n\t\t\t\n\t\t<\/figure>\n\t\t\n\n\n<h1 class=\"wp-block-heading\"><strong>Flam<\/strong>enco Fusi\u00f3n<\/h1>\r\n<p>Stammbesetzung: Chiharu Bley Cello, Ricarda S Bormann Violine, Robin Danaher Saxophon, Tom Auffarth caj\u00f3n<\/p>\r\n<p>Rubin de la Ana Gitarre, Gesang, K\u00fcnstlerische Leitung<\/p>\n\n\n\n<figure class=\"wp-block-embed is-type-video is-provider-youtube wp-block-embed-youtube wp-embed-aspect-16-9 wp-has-aspect-ratio\"><div class=\"wp-block-embed__wrapper\">\n<span class=\"embed-youtube\" style=\"text-align:center; display: block;\"><iframe loading=\"lazy\" class=\"youtube-player\" width=\"525\" height=\"296\" src=\"https:\/\/www.youtube.com\/embed\/UxN6psyee00?version=3&#038;rel=1&#038;showsearch=0&#038;showinfo=1&#038;iv_load_policy=1&#038;fs=1&#038;hl=de-DE&#038;autohide=2&#038;wmode=transparent\" allowfullscreen=\"true\" style=\"border:0;\" sandbox=\"allow-scripts allow-same-origin allow-popups allow-presentation allow-popups-to-escape-sandbox\"><\/iframe><\/span>\n<\/div><\/figure>\n\n\n\n<figure class=\"wp-block-embed is-type-video is-provider-youtube wp-block-embed-youtube wp-embed-aspect-16-9 wp-has-aspect-ratio\"><div class=\"wp-block-embed__wrapper\">\n<span class=\"embed-youtube\" style=\"text-align:center; display: block;\"><iframe loading=\"lazy\" class=\"youtube-player\" width=\"525\" height=\"296\" src=\"https:\/\/www.youtube.com\/embed\/fCPc_OMEDAU?version=3&#038;rel=1&#038;showsearch=0&#038;showinfo=1&#038;iv_load_policy=1&#038;fs=1&#038;hl=de-DE&#038;autohide=2&#038;wmode=transparent\" allowfullscreen=\"true\" style=\"border:0;\" sandbox=\"allow-scripts allow-same-origin allow-popups allow-presentation allow-popups-to-escape-sandbox\"><\/iframe><\/span>\n<\/div><\/figure>\n\n\n\n<figure class=\"wp-block-embed is-type-video is-provider-youtube wp-block-embed-youtube wp-embed-aspect-16-9 wp-has-aspect-ratio\"><div class=\"wp-block-embed__wrapper\">\n<span class=\"embed-youtube\" style=\"text-align:center; display: block;\"><iframe loading=\"lazy\" class=\"youtube-player\" width=\"525\" height=\"296\" src=\"https:\/\/www.youtube.com\/embed\/IPHCokuJWjU?version=3&#038;rel=1&#038;showsearch=0&#038;showinfo=1&#038;iv_load_policy=1&#038;fs=1&#038;hl=de-DE&#038;autohide=2&#038;wmode=transparent\" allowfullscreen=\"true\" style=\"border:0;\" sandbox=\"allow-scripts allow-same-origin allow-popups allow-presentation allow-popups-to-escape-sandbox\"><\/iframe><\/span>\n<\/div><\/figure>\n<\/div>\n\n\n\n<div class=\"wp-block-column is-layout-flow wp-block-column-is-layout-flow\">\n<div class=\"wp-block-group\"><div class=\"wp-block-group__inner-container is-layout-flow wp-block-group-is-layout-flow\">\n\t\t<figure class=\"wp-block-jetpack-videopress jetpack-videopress-player\" style=\"\" >\n\t\t\t<div class=\"jetpack-videopress-player__wrapper\"> <iframe title=\"VideoPress Video Player\" aria-label='VideoPress Video Player' width='525' height='295' src='https:\/\/videopress.com\/embed\/mLNM2LpL?cover=1&amp;autoPlay=0&amp;controls=1&amp;loop=0&amp;muted=0&amp;persistVolume=1&amp;playsinline=0&amp;preloadContent=metadata&amp;useAverageColor=1&amp;hd=0' frameborder='0' allowfullscreen data-resize-to-parent=\"true\" allow='clipboard-write'><\/iframe><script src='https:\/\/v0.wordpress.com\/js\/next\/videopress-iframe.js?m=1770107250'><\/script><\/div>\n\t\t\t<figcaption><\/figcaption>\n\t\t\t\n\t\t<\/figure>\n\t\t<\/div><\/div>\n\n\n\n\t\t<figure class=\"wp-block-jetpack-videopress jetpack-videopress-player\" style=\"\" >\n\t\t\t<div class=\"jetpack-videopress-player__wrapper\"> <iframe title=\"VideoPress Video Player\" aria-label='VideoPress Video Player' width='525' height='295' src='https:\/\/videopress.com\/embed\/Y9RDCDPS?cover=1&amp;autoPlay=0&amp;controls=1&amp;loop=0&amp;muted=0&amp;persistVolume=1&amp;playsinline=0&amp;preloadContent=metadata&amp;useAverageColor=1&amp;hd=0' frameborder='0' allowfullscreen data-resize-to-parent=\"true\" allow='clipboard-write'><\/iframe><script src='https:\/\/v0.wordpress.com\/js\/next\/videopress-iframe.js?m=1770107250'><\/script><\/div>\n\t\t\t<figcaption><\/figcaption>\n\t\t\t\n\t\t<\/figure>\n\t\t\n\n\n\t\t<figure class=\"wp-block-jetpack-videopress jetpack-videopress-player\" style=\"\" >\n\t\t\t<div class=\"jetpack-videopress-player__wrapper\"> <iframe title=\"VideoPress Video Player\" aria-label='VideoPress Video Player' width='525' height='295' src='https:\/\/videopress.com\/embed\/FxRg7fCJ?cover=1&amp;autoPlay=0&amp;controls=1&amp;loop=0&amp;muted=0&amp;persistVolume=1&amp;playsinline=0&amp;preloadContent=metadata&amp;useAverageColor=1&amp;hd=0' frameborder='0' allowfullscreen data-resize-to-parent=\"true\" allow='clipboard-write'><\/iframe><script src='https:\/\/v0.wordpress.com\/js\/next\/videopress-iframe.js?m=1770107250'><\/script><\/div>\n\t\t\t\n\t\t\t\n\t\t<\/figure>\n\t\t\n\n\n<h1 class=\"wp-block-heading\">Misa flamenca<\/h1>\r\n<p>Musiker: Chiharu Bley Cello, Robin Danaher Saxophon, Max Eisinger Violine<\/p>\r\n<p>Chor<\/p>\r\n<p>Rubin de la Ana Gitarre, Gesang, Chorleitung, K\u00fcnstlerische Leitung<\/p>\n\n\n\n<figure class=\"wp-block-embed is-type-video is-provider-youtube wp-block-embed-youtube wp-embed-aspect-16-9 wp-has-aspect-ratio\"><div class=\"wp-block-embed__wrapper\">\n<span class=\"embed-youtube\" style=\"text-align:center; display: block;\"><iframe loading=\"lazy\" class=\"youtube-player\" width=\"525\" height=\"296\" src=\"https:\/\/www.youtube.com\/embed\/TYE_M7BFcuU?version=3&#038;rel=1&#038;showsearch=0&#038;showinfo=1&#038;iv_load_policy=1&#038;fs=1&#038;hl=de-DE&#038;autohide=2&#038;wmode=transparent\" allowfullscreen=\"true\" style=\"border:0;\" sandbox=\"allow-scripts allow-same-origin allow-popups allow-presentation allow-popups-to-escape-sandbox\"><\/iframe><\/span>\n<\/div><\/figure>\n\n\n\n<figure class=\"wp-block-embed is-type-video is-provider-youtube wp-block-embed-youtube wp-embed-aspect-16-9 wp-has-aspect-ratio\"><div class=\"wp-block-embed__wrapper\">\n<span class=\"embed-youtube\" style=\"text-align:center; display: block;\"><iframe loading=\"lazy\" class=\"youtube-player\" width=\"525\" height=\"296\" src=\"https:\/\/www.youtube.com\/embed\/S7h3jN78ml4?version=3&#038;rel=1&#038;showsearch=0&#038;showinfo=1&#038;iv_load_policy=1&#038;fs=1&#038;hl=de-DE&#038;autohide=2&#038;wmode=transparent\" allowfullscreen=\"true\" style=\"border:0;\" sandbox=\"allow-scripts allow-same-origin allow-popups allow-presentation allow-popups-to-escape-sandbox\"><\/iframe><\/span>\n<\/div><\/figure>\n\n\n\n<figure class=\"wp-block-embed is-type-video is-provider-youtube wp-block-embed-youtube wp-embed-aspect-16-9 wp-has-aspect-ratio\"><div class=\"wp-block-embed__wrapper\">\n<span class=\"embed-youtube\" style=\"text-align:center; display: block;\"><iframe loading=\"lazy\" class=\"youtube-player\" width=\"525\" height=\"296\" src=\"https:\/\/www.youtube.com\/embed\/13FIZh8BqS0?version=3&#038;rel=1&#038;showsearch=0&#038;showinfo=1&#038;iv_load_policy=1&#038;fs=1&#038;hl=de-DE&#038;autohide=2&#038;wmode=transparent\" allowfullscreen=\"true\" style=\"border:0;\" sandbox=\"allow-scripts allow-same-origin allow-popups allow-presentation allow-popups-to-escape-sandbox\"><\/iframe><\/span>\n<\/div><\/figure>\n\n\n\n<h1 class=\"wp-block-heading\">&nbsp;<\/h1>\n\n\n\n<p class=\"wp-block-paragraph\">&nbsp;<\/p>\n<\/div>\n\n\n\n<div class=\"wp-block-column is-layout-flow wp-block-column-is-layout-flow\">\u00a0<\/div>\n<\/div>\n\n\n<ol class=\"wp-block-footnotes\"><li id=\"8ea8942b-f672-4c55-ae61-5a6b5bcc14e5\">Ver\u00f6ffentlichung mit Einwilligung der K\u00fcnstler_Innen <a href=\"#8ea8942b-f672-4c55-ae61-5a6b5bcc14e5-link\" aria-label=\"Zur Fu\u00dfnotenreferenz 1 navigieren\">\u21a9\ufe0e<\/a><\/li><\/ol>","protected":false},"excerpt":{"rendered":"<p>Filming, editing \u00a9Kerem Saltuk 1 Flamenco puro arte Flamenco Fusi\u00f3n Stammbesetzung: Chiharu Bley Cello, Ricarda S Bormann Violine, Robin Danaher Saxophon, Tom Auffarth caj\u00f3n Rubin de la Ana Gitarre, Gesang, K\u00fcnstlerische Leitung Misa flamenca Musiker: Chiharu Bley Cello, Robin Danaher Saxophon, Max Eisinger Violine Chor Rubin de la Ana Gitarre, Gesang, Chorleitung, K\u00fcnstlerische Leitung &nbsp; &hellip; <\/p>\n<p class=\"link-more\"><a href=\"https:\/\/flamenco-rubin-de-la-ana.com\/?page_id=2785\" class=\"more-link\"><span class=\"screen-reader-text\">\u201eLa tierra m\u00eda, sus voces y ecos\u201c<\/span> weiterlesen<\/a><\/p>\n","protected":false},"author":182904535,"featured_media":3062,"parent":0,"menu_order":0,"comment_status":"closed","ping_status":"closed","template":"","meta":{"_coblocks_attr":"","_coblocks_dimensions":"","_coblocks_responsive_height":"","_coblocks_accordion_ie_support":"","_crdt_document":"","footnotes":"[{\"content\":\"Ver\u00f6ffentlichung mit Einwilligung der K\u00fcnstler_Innen\",\"id\":\"8ea8942b-f672-4c55-ae61-5a6b5bcc14e5\"}]"},"class_list":["post-2785","page","type-page","status-publish","has-post-thumbnail","hentry"],"aioseo_notices":[],"aioseo_head":"\n\t\t<!-- All in One SEO Pro 4.9.6.2 - aioseo.com -->\n\t<meta name=\"description\" content=\"Filming, editing \u00a9Kerem Saltuk 1\" \/>\n\t<meta name=\"robots\" content=\"max-image-preview:large\" \/>\n\t<meta name=\"google-site-verification\" content=\"ktPnRl39mkuKUpI326B_0fwNEqpuw_sJbJu7BUxzxBU\" \/>\n\t<link rel=\"canonical\" href=\"https:\/\/flamenco-rubin-de-la-ana.com\/?page_id=2785\" \/>\n\t<meta name=\"generator\" content=\"All in One SEO Pro (AIOSEO) 4.9.6.2\" \/>\n\t\t<meta property=\"og:locale\" content=\"de_DE\" \/>\n\t\t<meta property=\"og:site_name\" content=\"Rubin de la Ana, Flamenco K\u00fcnstler aus Jerez (C\u00e1diz) \u2013 guitarrista y cantaor flamenco, compositor\" \/>\n\t\t<meta property=\"og:type\" content=\"article\" \/>\n\t\t<meta property=\"og:title\" content=\"La tierra m\u00eda, sus voces y ecos\" \/>\n\t\t<meta property=\"og:description\" content=\"Filming, editing \u00a9Kerem Saltuk 1\" \/>\n\t\t<meta property=\"og:url\" content=\"https:\/\/flamenco-rubin-de-la-ana.com\/?page_id=2785\" \/>\n\t\t<meta property=\"og:image\" content=\"https:\/\/flamenco-rubin-de-la-ana.com\/wp-content\/uploads\/2024\/12\/foto_kerem_saltuk_6.jpg\" \/>\n\t\t<meta property=\"og:image:secure_url\" content=\"https:\/\/flamenco-rubin-de-la-ana.com\/wp-content\/uploads\/2024\/12\/foto_kerem_saltuk_6.jpg\" \/>\n\t\t<meta property=\"og:image:width\" content=\"8256\" \/>\n\t\t<meta property=\"og:image:height\" content=\"5504\" \/>\n\t\t<meta property=\"article:published_time\" content=\"2025-03-24T00:22:10+00:00\" \/>\n\t\t<meta property=\"article:modified_time\" content=\"2026-02-05T16:36:05+00:00\" \/>\n\t\t<meta property=\"article:publisher\" content=\"https:\/\/facebook.com\/flamenco_puro_arte\" \/>\n\t\t<meta name=\"twitter:card\" content=\"summary_large_image\" \/>\n\t\t<meta name=\"twitter:site\" content=\"@flamenco_puro_arte\" \/>\n\t\t<meta name=\"twitter:title\" content=\"La tierra m\u00eda, sus voces y ecos\" \/>\n\t\t<meta name=\"twitter:description\" content=\"Filming, editing \u00a9Kerem Saltuk 1\" \/>\n\t\t<meta name=\"twitter:creator\" content=\"@flamenco_puro_arte\" \/>\n\t\t<meta name=\"twitter:image\" content=\"https:\/\/flamenco-rubin-de-la-ana.com\/wp-content\/uploads\/2024\/12\/foto_kerem_saltuk_6.jpg\" \/>\n\t\t<!-- All in One SEO Pro -->\r\n\t\t<title>La tierra m\u00eda, sus voces y ecos<\/title>\n\n","aioseo_head_json":{"title":"La tierra m\u00eda, sus voces y ecos","description":"Filming, editing \u00a9Kerem Saltuk 1","canonical_url":"https:\/\/flamenco-rubin-de-la-ana.com\/?page_id=2785","robots":"max-image-preview:large","keywords":"","webmasterTools":{"google-site-verification":"ktPnRl39mkuKUpI326B_0fwNEqpuw_sJbJu7BUxzxBU","miscellaneous":""},"schema":null,"og:locale":"de_DE","og:site_name":"Rubin de la Ana, Flamenco K\u00fcnstler aus Jerez (C\u00e1diz) \u2013 guitarrista y cantaor flamenco, compositor","og:type":"article","og:title":"La tierra m\u00eda, sus voces y ecos","og:description":"Filming, editing \u00a9Kerem Saltuk 1","og:url":"https:\/\/flamenco-rubin-de-la-ana.com\/?page_id=2785","og:image":"https:\/\/flamenco-rubin-de-la-ana.com\/wp-content\/uploads\/2024\/12\/foto_kerem_saltuk_6.jpg","og:image:secure_url":"https:\/\/flamenco-rubin-de-la-ana.com\/wp-content\/uploads\/2024\/12\/foto_kerem_saltuk_6.jpg","og:image:width":8256,"og:image:height":5504,"article:published_time":"2025-03-24T00:22:10+00:00","article:modified_time":"2026-02-05T16:36:05+00:00","article:publisher":"https:\/\/facebook.com\/flamenco_puro_arte","twitter:card":"summary_large_image","twitter:site":"@flamenco_puro_arte","twitter:title":"La tierra m\u00eda, sus voces y ecos","twitter:description":"Filming, editing \u00a9Kerem Saltuk 1","twitter:creator":"@flamenco_puro_arte","twitter:image":"https:\/\/flamenco-rubin-de-la-ana.com\/wp-content\/uploads\/2024\/12\/foto_kerem_saltuk_6.jpg"},"aioseo_meta_data":{"post_id":"2785","title":"#post_title","description":null,"keywords":null,"keyphrases":{"focus":{"keyphrase":"","score":0,"analysis":{"keyphraseInTitle":{"score":0,"maxScore":9,"error":1}}},"additional":[]},"primary_term":null,"canonical_url":null,"og_title":null,"og_description":null,"og_object_type":"default","og_image_type":"default","og_image_url":null,"og_image_width":null,"og_image_height":null,"og_image_custom_url":null,"og_image_custom_fields":null,"og_video":"","og_custom_url":null,"og_article_section":null,"og_article_tags":null,"twitter_use_og":false,"twitter_card":"default","twitter_image_type":"default","twitter_image_url":null,"twitter_image_custom_url":null,"twitter_image_custom_fields":null,"twitter_title":null,"twitter_description":null,"schema":{"blockGraphs":[],"customGraphs":[],"default":{"data":{"Article":[],"Course":[],"Dataset":[],"FAQPage":[],"Movie":[],"Person":[],"Product":[],"ProductReview":[],"Car":[],"Recipe":[],"Service":[],"SoftwareApplication":[],"WebPage":[]},"graphName":"WebPage","isEnabled":true},"graphs":[]},"schema_type":"default","schema_type_options":null,"pillar_content":false,"robots_default":true,"robots_noindex":false,"robots_noarchive":false,"robots_nosnippet":false,"robots_nofollow":false,"robots_noimageindex":false,"robots_noodp":false,"robots_notranslate":false,"robots_max_snippet":"-1","robots_max_videopreview":"-1","robots_max_imagepreview":"large","priority":null,"frequency":"default","local_seo":null,"seo_analyzer_scan_date":"2026-02-05 16:36:08","breadcrumb_settings":null,"limit_modified_date":false,"reviewed_by":"0","open_ai":null,"ai":{"faqs":[],"keyPoints":[],"titles":[],"descriptions":["Entdecken Sie die faszinierende Welt des Flamenco, von traditionellem Flamenco puro bis zu innovativen Fusionsstilen, mit beeindruckenden Filmaufnahmen.","Tauchen Sie ein in die Kunst des Flamenco, erlebt durch hochwertige Aufnahmen und Schnitttechniken, und genie\u00dfen Sie die Vielseitigkeit dieses kulturellen Ausdrucks.","Erleben Sie die Sch\u00f6nheit des Flamenco in verschiedenen Facetten \u2013 vom klassischen Flamenco puro bis zu modernen Fusionsstilen, pr\u00e4sentiert durch sorgf\u00e4ltig gefilmte Szenen.","Dieses Video bietet einen Einblick in die reiche Kultur des Flamenco, mit Aufnahmen, die die Emotionen und die Virtuosit\u00e4t der T\u00e4nzer und Musiker einfangen.","Lassen Sie sich von den kunstvollen Filmaufnahmen des Flamenco begeistern, einer Ausdrucksform voller Leidenschaft und kultureller Vielfalt, von traditionell bis fusioniert."],"socialPosts":{"email":[],"linkedin":[],"twitter":[],"facebook":[],"instagram":[]}},"created":"2025-07-07 16:18:55","updated":"2026-02-05 16:38:04"},"aioseo_breadcrumb":"<div class=\"aioseo-breadcrumbs\"><span class=\"aioseo-breadcrumb\">\n\t<a href=\"https:\/\/flamenco-rubin-de-la-ana.com\" title=\"Home\">Home<\/a>\n<\/span><span class=\"aioseo-breadcrumb-separator\">&raquo;<\/span><span class=\"aioseo-breadcrumb\">\n\tLa tierra m\u00eda, sus voces y ecos\n<\/span><\/div>","aioseo_breadcrumb_json":[{"label":"Home","link":"https:\/\/flamenco-rubin-de-la-ana.com"},{"label":"La tierra m\u00eda, sus voces y ecos","link":"https:\/\/flamenco-rubin-de-la-ana.com\/?page_id=2785"}],"jetpack_likes_enabled":true,"jetpack_sharing_enabled":true,"jetpack_shortlink":"https:\/\/wp.me\/PbQaOW-IV","jetpack-related-posts":[],"_links":{"self":[{"href":"https:\/\/flamenco-rubin-de-la-ana.com\/index.php?rest_route=\/wp\/v2\/pages\/2785","targetHints":{"allow":["GET"]}}],"collection":[{"href":"https:\/\/flamenco-rubin-de-la-ana.com\/index.php?rest_route=\/wp\/v2\/pages"}],"about":[{"href":"https:\/\/flamenco-rubin-de-la-ana.com\/index.php?rest_route=\/wp\/v2\/types\/page"}],"author":[{"embeddable":true,"href":"https:\/\/flamenco-rubin-de-la-ana.com\/index.php?rest_route=\/wp\/v2\/users\/182904535"}],"replies":[{"embeddable":true,"href":"https:\/\/flamenco-rubin-de-la-ana.com\/index.php?rest_route=%2Fwp%2Fv2%2Fcomments&post=2785"}],"version-history":[{"count":38,"href":"https:\/\/flamenco-rubin-de-la-ana.com\/index.php?rest_route=\/wp\/v2\/pages\/2785\/revisions"}],"predecessor-version":[{"id":3862,"href":"https:\/\/flamenco-rubin-de-la-ana.com\/index.php?rest_route=\/wp\/v2\/pages\/2785\/revisions\/3862"}],"wp:featuredmedia":[{"embeddable":true,"href":"https:\/\/flamenco-rubin-de-la-ana.com\/index.php?rest_route=\/wp\/v2\/media\/3062"}],"wp:attachment":[{"href":"https:\/\/flamenco-rubin-de-la-ana.com\/index.php?rest_route=%2Fwp%2Fv2%2Fmedia&parent=2785"}],"curies":[{"name":"wp","href":"https:\/\/api.w.org\/{rel}","templated":true}]}}